{"id":12,"date":"2024-11-22T10:10:39","date_gmt":"2024-11-22T10:10:39","guid":{"rendered":"https:\/\/www.avaruustilanne.fi\/?page_id=12"},"modified":"2025-10-01T10:10:06","modified_gmt":"2025-10-01T07:10:06","slug":"paasivu","status":"publish","type":"page","link":"https:\/\/www.avaruustilanne.fi\/","title":{"rendered":"P\u00e4\u00e4sivu"},"content":{"rendered":"\n<h2 class=\"wp-block-heading\">Avaruustilannekeskus<\/h2>\n\n\n\n<p><strong>Avaruustilannetietoisuudella tarkoitetaan pyrkimyst\u00e4 muodostaa mahdollisimman reaaliaikainen kokonaiskuva avaruuden k\u00e4yt\u00f6n tilanteesta. Tavoitteeseen p\u00e4\u00e4st\u00e4\u00e4n kehitt\u00e4m\u00e4ll\u00e4 kyvykkyyksi\u00e4 avaruudessa sijaitsevien esineiden ja kappaleiden tarkkailuun sek\u00e4 pyrkim\u00e4ll\u00e4 seuraamaan ja ennustamaan avaruuss\u00e4\u00e4n ilmi\u00f6it\u00e4. Erityisen t\u00e4rke\u00e4t\u00e4 on pyrki\u00e4 ennustamaan Maan l\u00e4hiavaruuden esineiden ja kappaleiden liikkeist\u00e4, avaruuss\u00e4\u00e4st\u00e4 sek\u00e4 satelliittij\u00e4rjestelmien toiminnasta mahdollisesti ihmisille, ymp\u00e4rist\u00f6lle ja omaisuudelle aiheutuvia h\u00e4iri\u00f6- tai vaaratilanteita.<\/strong> <strong>Avaruustilannekeskus vastaa n\u00e4ist\u00e4 teht\u00e4vist\u00e4 Suomessa ulkomaisten kumppaniensa tuella.<\/strong><\/p>\n\n\n\n<figure class=\"wp-block-image size-large\"><img loading=\"lazy\" decoding=\"async\" width=\"1024\" height=\"576\" src=\"https:\/\/www.avaruustilanne.fi\/wp-content\/uploads\/2024\/11\/AdobeStock_424222280_earth_satellite_view_revontulet-1024x576.jpeg\" alt=\"\" class=\"wp-image-62\" srcset=\"https:\/\/www.avaruustilanne.fi\/wp-content\/uploads\/2024\/11\/AdobeStock_424222280_earth_satellite_view_revontulet-1024x576.jpeg 1024w, https:\/\/www.avaruustilanne.fi\/wp-content\/uploads\/2024\/11\/AdobeStock_424222280_earth_satellite_view_revontulet-300x169.jpeg 300w, https:\/\/www.avaruustilanne.fi\/wp-content\/uploads\/2024\/11\/AdobeStock_424222280_earth_satellite_view_revontulet-768x432.jpeg 768w, https:\/\/www.avaruustilanne.fi\/wp-content\/uploads\/2024\/11\/AdobeStock_424222280_earth_satellite_view_revontulet-1536x864.jpeg 1536w, https:\/\/www.avaruustilanne.fi\/wp-content\/uploads\/2024\/11\/AdobeStock_424222280_earth_satellite_view_revontulet-2048x1152.jpeg 2048w, https:\/\/www.avaruustilanne.fi\/wp-content\/uploads\/2024\/11\/AdobeStock_424222280_earth_satellite_view_revontulet-816x459.jpeg 816w\" sizes=\"auto, (max-width: 1024px) 100vw, 1024px\" \/><figcaption class=\"wp-element-caption\">Maapallo ja revontulet satelliittikuvassa.<\/figcaption><\/figure>\n\n\n\n<p>Suomalaisen yhteiskunnan h\u00e4iri\u00f6t\u00f6n toiminta ja hyvinvointi on yh\u00e4 enenev\u00e4ss\u00e4 m\u00e4\u00e4rin riippuvaista avaruustoiminnasta, erityisesti sen tuottamista satelliittiperusteisista palveluista. Yhteiskunnan h\u00e4iri\u00f6tt\u00f6m\u00e4n toiminnan ja hyvinvoinnin kannalta v\u00e4ltt\u00e4m\u00e4tt\u00f6mi\u00e4 satelliittipalveluita ovat tietoliikenne, aika- ja paikannustieto, s\u00e4\u00e4n ja ymp\u00e4rist\u00f6olosuhteiden seurantaj\u00e4rjestelm\u00e4t sek\u00e4 Puolustusvoimien ja muiden viranomaisten ty\u00f6t\u00e4 tukevat satelliittipalvelut.<\/p>\n\n\n\n<p>Avaruustoiminnan turvallisuus- ja puolustuspoliittinen merkitys on jatkuvassa kasvussa. Useat valtiolliset toimijat kehitt\u00e4v\u00e4t avaruuskyvykkyyksi\u00e4. Suuremmat valtiot kehitt\u00e4v\u00e4t my\u00f6s kyvykkyyksi\u00e4 avaruustoiminnan est\u00e4miseen. Koska useimmat avaruusteknologiat ovat kaksik\u00e4ytt\u00f6isi\u00e4 (eli teknologialla voi olla sek\u00e4 siviili- ett\u00e4 sotilassovelluksia), on yhteiskunnallisille toimijoille keskeist\u00e4 kyet\u00e4 tunnistamaan sotilaalliseen tarkoitukseen viittaava k\u00e4ytt\u00e4ytyminen normaalista avaruustilannekuvasta. T\u00e4h\u00e4n tarkoitukseen tarvitaan tunnistettua avaruustilannekuvaa sek\u00e4 kest\u00e4vi\u00e4 turvallisuus- ja puolustustoimintoja, joilla kyet\u00e4\u00e4n vastaamaan uhkiin.<\/p>\n\n\n\n<p>Kaupallinen avaruustoiminta on ollut jo vuosia kasvussa. Suomalaistenkin avaruustoimijoiden satelliitteja on Maan kiertoradalla yh\u00e4 enemm\u00e4n. Suomi on johdonmukaisesti korostanut avaruuden turvallista ja kest\u00e4v\u00e4\u00e4 k\u00e4ytt\u00f6\u00e4 sek\u00e4 kansainv\u00e4list\u00e4 s\u00e4\u00e4nt\u00f6perustaista yhteisty\u00f6t\u00e4. Kansainv\u00e4listen avaruuden yleissopimusten mukaisesti Suomi on valtiona vastuussa kansallisesta avaruustoiminnastaan. <\/p>\n\n\n\n<p>Satelliittij\u00e4rjestelmien toimintaa h\u00e4iritsev\u00e4t tai vaarantavat avaruuss\u00e4\u00e4n ilmi\u00f6t, Maan l\u00e4hiavaruuden lis\u00e4\u00e4ntyv\u00e4st\u00e4 satelliittiliikenteest\u00e4 ja avaruusromusta aiheutuvat satelliitteja vahingoittavat t\u00f6rm\u00e4ysuhat sek\u00e4 valtiolliset tai muut tahot. Avaruuss\u00e4\u00e4n ilmi\u00f6t, erityisesti aurinkomyrskyt, voivat h\u00e4irit\u00e4 satelliittij\u00e4rjestelmien toiminnan lis\u00e4ksi my\u00f6s yhteiskunnan maanp\u00e4\u00e4llisen kriittisen infrastruktuurin, kuten s\u00e4hk\u00f6nsiirtoverkkojen, toimintaa. Avaruusromun ja Maata ajoittain l\u00e4hestyvien taivaankappaleiden t\u00f6rm\u00e4ykset Maahan voivat pahimmassa tapauksessa aiheuttaa maanp\u00e4\u00e4ll\u00e4 sek\u00e4 inhimillist\u00e4 ett\u00e4 taloudellista vahinkoa. Satelliittij\u00e4rjestelmien tuottaman palvelutason poikkeamilla taas voi olla merkitt\u00e4vi\u00e4 yhteiskunnan kriittisten palveluiden saatavuuteen liittyvi\u00e4 vaikutuksia.<\/p>\n","protected":false},"excerpt":{"rendered":"<p>Avaruustilannekeskus Avaruustilannetietoisuudella tarkoitetaan pyrkimyst\u00e4 muodostaa mahdollisimman reaaliaikainen kokonaiskuva avaruuden k\u00e4yt\u00f6n tilanteesta. Tavoitteeseen p\u00e4\u00e4st\u00e4\u00e4n kehitt\u00e4m\u00e4ll\u00e4 kyvykkyyksi\u00e4 avaruudessa sijaitsevien esineiden ja kappaleiden tarkkailuun sek\u00e4 pyrkim\u00e4ll\u00e4 seuraamaan ja ennustamaan avaruuss\u00e4\u00e4n ilmi\u00f6it\u00e4. Erityisen t\u00e4rke\u00e4t\u00e4 on pyrki\u00e4 ennustamaan Maan l\u00e4hiavaruuden esineiden ja kappaleiden liikkeist\u00e4, avaruuss\u00e4\u00e4st\u00e4 sek\u00e4 satelliittij\u00e4rjestelmien toiminnasta mahdollisesti ihmisille, ymp\u00e4rist\u00f6lle ja omaisuudelle aiheutuvia h\u00e4iri\u00f6- tai vaaratilanteita. Avaruustilannekeskus vastaa n\u00e4ist\u00e4 [&hellip;]<\/p>\n","protected":false},"author":2,"featured_media":0,"parent":0,"menu_order":0,"comment_status":"closed","ping_status":"closed","template":"","meta":{"footnotes":"","_links_to":"","_links_to_target":""},"class_list":["post-12","page","type-page","status-publish","hentry"],"_links":{"self":[{"href":"https:\/\/www.avaruustilanne.fi\/index.php\/wp-json\/wp\/v2\/pages\/12","targetHints":{"allow":["GET"]}}],"collection":[{"href":"https:\/\/www.avaruustilanne.fi\/index.php\/wp-json\/wp\/v2\/pages"}],"about":[{"href":"https:\/\/www.avaruustilanne.fi\/index.php\/wp-json\/wp\/v2\/types\/page"}],"author":[{"embeddable":true,"href":"https:\/\/www.avaruustilanne.fi\/index.php\/wp-json\/wp\/v2\/users\/2"}],"replies":[{"embeddable":true,"href":"https:\/\/www.avaruustilanne.fi\/index.php\/wp-json\/wp\/v2\/comments?post=12"}],"version-history":[{"count":24,"href":"https:\/\/www.avaruustilanne.fi\/index.php\/wp-json\/wp\/v2\/pages\/12\/revisions"}],"predecessor-version":[{"id":659,"href":"https:\/\/www.avaruustilanne.fi\/index.php\/wp-json\/wp\/v2\/pages\/12\/revisions\/659"}],"wp:attachment":[{"href":"https:\/\/www.avaruustilanne.fi\/index.php\/wp-json\/wp\/v2\/media?parent=12"}],"curies":[{"name":"wp","href":"https:\/\/api.w.org\/{rel}","templated":true}]}}