{"id":29,"date":"2024-11-25T10:14:24","date_gmt":"2024-11-25T08:14:24","guid":{"rendered":"https:\/\/www.avaruustilanne.fi\/?page_id=29"},"modified":"2024-12-09T15:04:45","modified_gmt":"2024-12-09T13:04:45","slug":"swedish","status":"publish","type":"page","link":"https:\/\/www.avaruustilanne.fi\/index.php\/swedish\/","title":{"rendered":"Svenska"},"content":{"rendered":"\n<h2 class=\"wp-block-heading\">Nationellt Centrum f\u00f6r Rymdl\u00e4gesbild<\/h2>\n\n\n\n<p><strong>Samh\u00e4llets v\u00e4lf\u00e4rd och st\u00f6rningsfria samh\u00e4llsfunktioner \u00e4r i allt st\u00f6rre grad beroende av rymdverksamhet och satellitbaserade tj\u00e4nster. Exempel p\u00e5 s\u00e5dana \u00e4r telekommunikation, tids- och positionsuppgifter, system f\u00f6r \u00f6vervakning av v\u00e4der och milj\u00f6f\u00f6rh\u00e5llanden samt satellittj\u00e4nster som st\u00f6der F\u00f6rsvarsmaktens och andra myndigheters arbete.<\/strong><\/p>\n\n\n\n<p>Rymdverksamhetens s\u00e4kerhets- och f\u00f6rsvarspolitiska betydelse och den kommersiella rymdverksamheten \u00f6kar. Finland har ansvar f\u00f6r sin nationella rymdverksamhet.<\/p>\n\n\n\n<p>En l\u00e4gesbild \u00e4r en f\u00f6ruts\u00e4ttning f\u00f6r att man ska kunna uppt\u00e4cka, identifiera och f\u00f6rutse hot fr\u00e5n rymden och rymdverksamheten. Ett nationellt centrum f\u00f6r rymdl\u00e4gesbild skulle g\u00f6ra det m\u00f6jligt f\u00f6r F\u00f6rsvarsmakten och andra myndigheter samt andra kritiska akt\u00f6rer i samh\u00e4llet att f\u00e5 aktuell l\u00e4gesbildsinformation samt f\u00f6rhandsvarningar om hot mot jorden fr\u00e5n rymden och rymdverksamheten.<\/p>\n\n\n\n<p>Styrgruppen ansedd att den kostnadsm\u00e4ssigt och organisatoriskt mest effektiva modellen \u00e4r att koncentrera produktionen av rymdl\u00e4gesbilder och den kompetens och tekniska f\u00f6rm\u00e5ga som h\u00f6r samman med den till ett virtuellt centrum best\u00e5ende av m\u00e5nga nationella akt\u00f6rer. Gruppen rekommenderad att framtagandet av en nationell rymdl\u00e4gesbild koncentreras till ett nationellt centrum f\u00f6r rymdl\u00e4gesbild, som ska kunna inleda sin verksamhet senast 2026.<\/p>\n\n\n\n<h2 class=\"wp-block-heading\">Mer om \u00e4mnet<\/h2>\n\n\n\n<ul class=\"wp-block-list\">\n<li><a href=\"https:\/\/lvm.fi\/sv\/-\/centrum-for-rymdlagesbild-inrattas-i-finland\" target=\"_blank\" rel=\"noreferrer noopener\">Kommunikationsministeriets: Centrum f\u00f6r rymdl\u00e4gesbild inr\u00e4ttas i Finland<\/a><\/li>\n<\/ul>\n\n\n\n<p><\/p>\n","protected":false},"excerpt":{"rendered":"<p>Nationellt Centrum f\u00f6r Rymdl\u00e4gesbild Samh\u00e4llets v\u00e4lf\u00e4rd och st\u00f6rningsfria samh\u00e4llsfunktioner \u00e4r i allt st\u00f6rre grad beroende av rymdverksamhet och satellitbaserade tj\u00e4nster. Exempel p\u00e5 s\u00e5dana \u00e4r telekommunikation, tids- och positionsuppgifter, system f\u00f6r \u00f6vervakning av v\u00e4der och milj\u00f6f\u00f6rh\u00e5llanden samt satellittj\u00e4nster som st\u00f6der F\u00f6rsvarsmaktens och andra myndigheters arbete. Rymdverksamhetens s\u00e4kerhets- och f\u00f6rsvarspolitiska betydelse och den kommersiella rymdverksamheten \u00f6kar. Finland [&hellip;]<\/p>\n","protected":false},"author":2,"featured_media":0,"parent":0,"menu_order":99,"comment_status":"closed","ping_status":"closed","template":"","meta":{"footnotes":"","_links_to":"","_links_to_target":""},"class_list":["post-29","page","type-page","status-publish","hentry"],"_links":{"self":[{"href":"https:\/\/www.avaruustilanne.fi\/index.php\/wp-json\/wp\/v2\/pages\/29","targetHints":{"allow":["GET"]}}],"collection":[{"href":"https:\/\/www.avaruustilanne.fi\/index.php\/wp-json\/wp\/v2\/pages"}],"about":[{"href":"https:\/\/www.avaruustilanne.fi\/index.php\/wp-json\/wp\/v2\/types\/page"}],"author":[{"embeddable":true,"href":"https:\/\/www.avaruustilanne.fi\/index.php\/wp-json\/wp\/v2\/users\/2"}],"replies":[{"embeddable":true,"href":"https:\/\/www.avaruustilanne.fi\/index.php\/wp-json\/wp\/v2\/comments?post=29"}],"version-history":[{"count":8,"href":"https:\/\/www.avaruustilanne.fi\/index.php\/wp-json\/wp\/v2\/pages\/29\/revisions"}],"predecessor-version":[{"id":281,"href":"https:\/\/www.avaruustilanne.fi\/index.php\/wp-json\/wp\/v2\/pages\/29\/revisions\/281"}],"wp:attachment":[{"href":"https:\/\/www.avaruustilanne.fi\/index.php\/wp-json\/wp\/v2\/media?parent=29"}],"curies":[{"name":"wp","href":"https:\/\/api.w.org\/{rel}","templated":true}]}}