{"id":56,"date":"2024-11-25T10:50:32","date_gmt":"2024-11-25T08:50:32","guid":{"rendered":"https:\/\/www.avaruustilanne.fi\/?page_id=56"},"modified":"2024-12-20T13:19:32","modified_gmt":"2024-12-20T11:19:32","slug":"yhteystiedot","status":"publish","type":"page","link":"https:\/\/www.avaruustilanne.fi\/index.php\/yhteystiedot\/","title":{"rendered":"Yhteystiedot"},"content":{"rendered":"\n<h2 class=\"wp-block-heading\">Avaruustilannekeskus, Ilmatieteen laitos<\/h2>\n\n\n\n<p><strong>Puhelinvaihde: <\/strong>029 539 1000<br><strong>Postiosoite: <\/strong>PL 503 00101 Helsinki<br><strong>K\u00e4yntiosoite:<\/strong> Dynamicum, Erik Palm\u00e9nin aukio 1, 00560 Helsinki<br><strong>S\u00e4hk\u00f6postiosoitteet:<\/strong> etunimi.sukunimi@fmi.fi<\/p>\n\n\n\n<h3 class=\"wp-block-heading\">Yhteyshenkil\u00f6t<\/h3>\n\n\n\n<ul class=\"wp-block-list\">\n<li><strong><em>Prof. Ari-Matti Harri<\/em><\/strong>, avaruus ja havaintoteknologiat tutkimusyksik\u00f6n p\u00e4\u00e4llikk\u00f6<\/li>\n\n\n\n<li><strong><em>FT Tiera Laitinen<\/em><\/strong>, avaruuss\u00e4\u00e4ryhm\u00e4n p\u00e4\u00e4llikk\u00f6<\/li>\n\n\n\n<li><strong><em>Prof. Jouni Pulliainen<\/em><\/strong>, Avaruus- ja kaukokartoituskeskuksen johtaja<\/li>\n<\/ul>\n\n\n\n<h2 class=\"wp-block-heading\">Median yhteydenotot<\/h2>\n\n\n\n<h3 class=\"wp-block-heading\"><strong>Ilmatieteen laitoksen Viestint\u00e4<\/strong><\/h3>\n\n\n\n<p><strong>S\u00e4hk\u00f6posti (Viestint\u00e4):<\/strong> viestinta(at)fmi.fi<br><strong>Lis\u00e4tietoja:<\/strong> <a href=\"https:\/\/www.ilmatieteenlaitos.fi\/medialle\" target=\"_blank\" rel=\"noreferrer noopener\">Tarkemmat yhteydenottotiedot<\/a> ja <a href=\"https:\/\/www.ilmatieteenlaitos.fi\/sosiaalinen-media\" target=\"_blank\" rel=\"noreferrer noopener\">sosiallisen median kanavat<\/a><\/p>\n","protected":false},"excerpt":{"rendered":"<p>Avaruustilannekeskus, Ilmatieteen laitos Puhelinvaihde: 029 539 1000Postiosoite: PL 503 00101 HelsinkiK\u00e4yntiosoite: Dynamicum, Erik Palm\u00e9nin aukio 1, 00560 HelsinkiS\u00e4hk\u00f6postiosoitteet: etunimi.sukunimi@fmi.fi Yhteyshenkil\u00f6t Median yhteydenotot Ilmatieteen laitoksen Viestint\u00e4 S\u00e4hk\u00f6posti (Viestint\u00e4): viestinta(at)fmi.fiLis\u00e4tietoja: Tarkemmat yhteydenottotiedot ja sosiallisen median kanavat<\/p>\n","protected":false},"author":2,"featured_media":0,"parent":0,"menu_order":97,"comment_status":"closed","ping_status":"closed","template":"","meta":{"footnotes":"","_links_to":"","_links_to_target":""},"class_list":["post-56","page","type-page","status-publish","hentry"],"_links":{"self":[{"href":"https:\/\/www.avaruustilanne.fi\/index.php\/wp-json\/wp\/v2\/pages\/56","targetHints":{"allow":["GET"]}}],"collection":[{"href":"https:\/\/www.avaruustilanne.fi\/index.php\/wp-json\/wp\/v2\/pages"}],"about":[{"href":"https:\/\/www.avaruustilanne.fi\/index.php\/wp-json\/wp\/v2\/types\/page"}],"author":[{"embeddable":true,"href":"https:\/\/www.avaruustilanne.fi\/index.php\/wp-json\/wp\/v2\/users\/2"}],"replies":[{"embeddable":true,"href":"https:\/\/www.avaruustilanne.fi\/index.php\/wp-json\/wp\/v2\/comments?post=56"}],"version-history":[{"count":19,"href":"https:\/\/www.avaruustilanne.fi\/index.php\/wp-json\/wp\/v2\/pages\/56\/revisions"}],"predecessor-version":[{"id":367,"href":"https:\/\/www.avaruustilanne.fi\/index.php\/wp-json\/wp\/v2\/pages\/56\/revisions\/367"}],"wp:attachment":[{"href":"https:\/\/www.avaruustilanne.fi\/index.php\/wp-json\/wp\/v2\/media?parent=56"}],"curies":[{"name":"wp","href":"https:\/\/api.w.org\/{rel}","templated":true}]}}

<h2 class="wp-block-heading">Avaruustilannekeskus, Ilmatieteen laitos</h2>



<p><strong>Puhelinvaihde: </strong>029 539 1000<br><strong>Postiosoite: </strong>PL 503 00101 Helsinki<br><strong>Käyntiosoite:</strong> Dynamicum, Erik Palménin aukio 1, 00560 Helsinki<br><strong>Sähköpostiosoitteet:</strong> etunimi.sukunimi@fmi.fi</p>



<h3 class="wp-block-heading">Yhteyshenkilöt</h3>



<ul class="wp-block-list">
<li><strong><em>Prof. Ari-Matti Harri</em></strong>, avaruus ja havaintoteknologiat tutkimusyksikön päällikkö</li>



<li><strong><em>FT Tiera Laitinen</em></strong>, avaruussääryhmän päällikkö</li>



<li><strong><em>Prof. Jouni Pulliainen</em></strong>, Avaruus- ja kaukokartoituskeskuksen johtaja</li>
</ul>



<h2 class="wp-block-heading">Median yhteydenotot</h2>



<h3 class="wp-block-heading"><strong>Ilmatieteen laitoksen Viestintä</strong></h3>



<p><strong>Sähköposti (Viestintä):</strong> viestinta(at)fmi.fi<br><strong>Lisätietoja:</strong> <a href="https://www.ilmatieteenlaitos.fi/medialle" target="_blank" rel="noreferrer noopener">Tarkemmat yhteydenottotiedot</a> ja <a href="https://www.ilmatieteenlaitos.fi/sosiaalinen-media" target="_blank" rel="noreferrer noopener">sosiallisen median kanavat</a></p>

<p>Avaruustilannekeskus, Ilmatieteen laitos Puhelinvaihde: 029 539 1000Postiosoite: PL 503 00101 HelsinkiKäyntiosoite: Dynamicum, Erik Palménin aukio 1, 00560 HelsinkiSähköpostiosoitteet: etunimi.sukunimi@fmi.fi Yhteyshenkilöt Median yhteydenotot Ilmatieteen laitoksen Viestintä Sähköposti (Viestintä): viestinta(at)fmi.fiLisätietoja: Tarkemmat yhteydenottotiedot ja sosiallisen median kanavat</p>
